{"id":1430,"date":"2017-11-19T21:59:08","date_gmt":"2017-11-19T20:59:08","guid":{"rendered":"https:\/\/culturaclasica.net\/ludi_saguntini\/?page_id=1430"},"modified":"2025-01-19T12:49:00","modified_gmt":"2025-01-19T11:49:00","slug":"taller-de-mosaicos-tessellae","status":"publish","type":"page","link":"https:\/\/culturaclasica.net\/ludi_saguntini\/taller-de-mosaicos-tessellae\/","title":{"rendered":"Taller de mosaicos \u00abTessellae\u00bb"},"content":{"rendered":"<p><div class=\"fusion-fullwidth fullwidth-box nonhundred-percent-fullwidth non-hundred-percent-height-scrolling\"  style='background-color: rgba(255,255,255,0);background-position: center center;background-repeat: no-repeat;padding-top:0px;padding-right:0px;padding-bottom:0px;padding-left:0px;'><div class=\"fusion-builder-row fusion-row \"><div  class=\"fusion-layout-column fusion_builder_column fusion_builder_column_1_1  fusion-one-full fusion-column-first fusion-column-last 1_1\"  style='margin-top:0px;margin-bottom:0px;'>\n\t\t\t\t\t<div class=\"fusion-column-wrapper\" style=\"background-position:left top;background-repeat:no-repeat;-webkit-background-size:cover;-moz-background-size:cover;-o-background-size:cover;background-size:cover;\"  data-bg-url=\"\">\n\t\t\t\t\t\t<div class=\"fusion-text\"><h2>Taller de mosaicos \u00abTessellae\u00bb<\/h2>\n<\/div><div class=\"fusion-text\"><p align=\"justify\">Creado por las profesoras de educaci\u00f3n secundaria Llu\u00efsa Bouch\u00e9 y Resurrecci\u00f3n Garc\u00eda, ya jubildadas, en la actualidad est\u00e1 coordinado por M\u00aa Jes\u00fas L\u00f3pez, del IES Clot del Moro (Sagunt), Pili Ferriol, del IES Clot del Moro (Sagunt) y de Isabel Orts.<\/p>\n<p>En \u00e9l se pueden contemplar una gran variedad de mosaicos, reproducciones de piezas originales del mundo cl\u00e1sico.<\/p>\n<p>OBJETIVO: Presentar las t\u00e9cnicas de elaboraci\u00f3n de teselas y su combinaci\u00f3n para la creaci\u00f3n de un mosaico.<\/p>\n<p>ESTRUCTURA: El taller-exposici\u00f3n consta de las siguientes partes:<\/p>\n<ol>\n<li>\n<p align=\"justify\">INFORMATIVA a trav\u00e9s de paneles que nos muestran:<\/p>\n<ul type=\"disc\">\n<li>\n<p align=\"justify\">Recorrido hist\u00f3rico del mosaico.<\/p>\n<\/li>\n<li>\n<p align=\"justify\">Reproducciones gr\u00e1ficas de mosaicos romanos.<\/p>\n<\/li>\n<li>\n<p align=\"justify\">Proceso de elaboraci\u00f3n de un mosaico en la antig\u00fcedad y en la actualidad.<\/p>\n<\/li>\n<\/ul>\n<\/li>\n<li>\n<p align=\"justify\">MANIPULATIVA:<\/p>\n<ul type=\"disc\">\n<li>\n<p align=\"justify\">Elaboraci\u00f3n de los mosaicos.<\/p>\n<\/li>\n<\/ul>\n<\/li>\n<li>\n<p align=\"justify\">CUADERNO DID\u00c1CTICO en el que se hace un recorrido hist\u00f3rico de este arte decorativo, se explica el proceso y las t\u00e9cnicas de elaboraci\u00f3n en la antig\u00fcedad y se dan instrucciones para la elaboraci\u00f3n de un mosaico a partir de barro para manualidades. Se incluyen tambi\u00e9n algunas actividades sobre la mitolog\u00eda cl\u00e1sica en los mosaicos.<\/p>\n<\/li>\n<\/ol>\n<\/div><span class=\"fusion-imageframe imageframe-none imageframe-1 hover-type-none\"><img loading=\"lazy\" decoding=\"async\" src=\"https:\/\/culturaclasica.net\/ludi_saguntini\/wp-content\/uploads\/2017\/11\/mosaicos2010-300x225.jpg\" width=\"300\" height=\"225\" alt=\"\" title=\"mosaicos2010\" class=\"img-responsive wp-image-1431\" srcset=\"https:\/\/culturaclasica.net\/ludi_saguntini\/wp-content\/uploads\/2017\/11\/mosaicos2010-200x150.jpg 200w, https:\/\/culturaclasica.net\/ludi_saguntini\/wp-content\/uploads\/2017\/11\/mosaicos2010-400x300.jpg 400w, https:\/\/culturaclasica.net\/ludi_saguntini\/wp-content\/uploads\/2017\/11\/mosaicos2010-600x450.jpg 600w, https:\/\/culturaclasica.net\/ludi_saguntini\/wp-content\/uploads\/2017\/11\/mosaicos2010.jpg 640w\" sizes=\"(max-width: 800px) 100vw, 300px\" \/><\/span><div class=\"fusion-clearfix\"><\/div>\n\n\t\t\t\t\t<\/div>\n\t\t\t\t<\/div><\/div><\/div><\/p>","protected":false},"excerpt":{"rendered":"","protected":false},"author":4,"featured_media":0,"parent":0,"menu_order":0,"comment_status":"closed","ping_status":"closed","template":"","meta":{"footnotes":""},"_links":{"self":[{"href":"https:\/\/culturaclasica.net\/ludi_saguntini\/wp-json\/wp\/v2\/pages\/1430"}],"collection":[{"href":"https:\/\/culturaclasica.net\/ludi_saguntini\/wp-json\/wp\/v2\/pages"}],"about":[{"href":"https:\/\/culturaclasica.net\/ludi_saguntini\/wp-json\/wp\/v2\/types\/page"}],"author":[{"embeddable":true,"href":"https:\/\/culturaclasica.net\/ludi_saguntini\/wp-json\/wp\/v2\/users\/4"}],"replies":[{"embeddable":true,"href":"https:\/\/culturaclasica.net\/ludi_saguntini\/wp-json\/wp\/v2\/comments?post=1430"}],"version-history":[{"count":8,"href":"https:\/\/culturaclasica.net\/ludi_saguntini\/wp-json\/wp\/v2\/pages\/1430\/revisions"}],"predecessor-version":[{"id":2303,"href":"https:\/\/culturaclasica.net\/ludi_saguntini\/wp-json\/wp\/v2\/pages\/1430\/revisions\/2303"}],"wp:attachment":[{"href":"https:\/\/culturaclasica.net\/ludi_saguntini\/wp-json\/wp\/v2\/media?parent=1430"}],"curies":[{"name":"wp","href":"https:\/\/api.w.org\/{rel}","templated":true}]}}