{"id":1361,"date":"2017-11-19T09:48:10","date_gmt":"2017-11-19T08:48:10","guid":{"rendered":"https:\/\/culturaclasica.net\/ludi_saguntini\/?page_id=1361"},"modified":"2017-11-20T19:49:02","modified_gmt":"2017-11-20T18:49:02","slug":"grandes-dionisiacas","status":"publish","type":"page","link":"https:\/\/culturaclasica.net\/ludi_saguntini\/grandes-dionisiacas\/","title":{"rendered":"Grandes Dionisiacas"},"content":{"rendered":"<p><div class=\"fusion-fullwidth fullwidth-box nonhundred-percent-fullwidth non-hundred-percent-height-scrolling\"  style='background-color: rgba(255,255,255,0);background-position: center center;background-repeat: no-repeat;padding-top:0px;padding-right:0px;padding-bottom:0px;padding-left:0px;'><div class=\"fusion-builder-row fusion-row \"><div  class=\"fusion-layout-column fusion_builder_column fusion_builder_column_1_1  fusion-one-full fusion-column-first fusion-column-last 1_1\"  style='margin-top:0px;margin-bottom:0px;'>\n\t\t\t\t\t<div class=\"fusion-column-wrapper\" style=\"background-position:left top;background-repeat:no-repeat;-webkit-background-size:cover;-moz-background-size:cover;-o-background-size:cover;background-size:cover;\"  data-bg-url=\"\">\n\t\t\t\t\t\t<div class=\"fusion-title title sep-underline sep-solid fusion-title-size-one\" style=\"border-bottom-color:#e0dede;margin-top:0px;margin-bottom:30px;\"><h1 class=\"title-heading-left\">Grandes Dionisiacas<\/h1><\/div><div class=\"fusion-text\"><p>La clausura de los Ludi Saguntini MMXVI tiene como protagonista el mundo griego, con la representaci\u00f3n de una adaptaci\u00f3n de la Il\u00edada de Homero y una Pompa dedicada a las Grandes Dionis\u00edacas, festividad en honor a Dioniso-Baco, dios del teatro, del vino y de la fiesta.<\/p>\n<p><a href=\"https:\/\/es.scribd.com\/doc\/302453597\/Grandes-Dionisiacas-ludi-Mmxvi-Web\" target=\"_blank\" rel=\"noopener\">Aqu\u00ed\u00a0<\/a>os dejamos una breve explicaci\u00f3n de la celebraci\u00f3n y nuestra recreaci\u00f3n de la Pompa MMXVI.<\/p>\n<p>Grandes <a href=\"https:\/\/es.scribd.com\/doc\/302453597\/Grandes-Dionisiacas-ludi-Mmxvi-Web\" target=\"_blank\" rel=\"noopener\">Dionisiacas ludi Mmxvi Web\u00a0<\/a>by\u00a0<a href=\"https:\/\/es.scribd.com\/user\/27048258\/domusbaebia\" target=\"_blank\" rel=\"noopener\">domusbaebia<\/a><\/p>\n<\/div><iframe loading=\"lazy\" class=\"scribd_iframe_embed\" src=\"https:\/\/www.scribd.com\/embeds\/302453597\/content?start_page=1&amp;view_mode=scroll&amp;access_key=key-tVZNwAn8IvGTXHlwQPvg&amp;show_recommendations=false\" data-auto-height=\"false\" data-aspect-ratio=\"0.7080062794348508\" scrolling=\"no\" id=\"doc_14138\" width=\"100%\" height=\"600\" frameborder=\"0\"><\/iframe><div class=\"fusion-clearfix\"><\/div>\n\n\t\t\t\t\t<\/div>\n\t\t\t\t<\/div><\/div><\/div><\/p>","protected":false},"excerpt":{"rendered":"","protected":false},"author":1,"featured_media":0,"parent":0,"menu_order":0,"comment_status":"closed","ping_status":"closed","template":"","meta":{"footnotes":""},"_links":{"self":[{"href":"https:\/\/culturaclasica.net\/ludi_saguntini\/wp-json\/wp\/v2\/pages\/1361"}],"collection":[{"href":"https:\/\/culturaclasica.net\/ludi_saguntini\/wp-json\/wp\/v2\/pages"}],"about":[{"href":"https:\/\/culturaclasica.net\/ludi_saguntini\/wp-json\/wp\/v2\/types\/page"}],"author":[{"embeddable":true,"href":"https:\/\/culturaclasica.net\/ludi_saguntini\/wp-json\/wp\/v2\/users\/1"}],"replies":[{"embeddable":true,"href":"https:\/\/culturaclasica.net\/ludi_saguntini\/wp-json\/wp\/v2\/comments?post=1361"}],"version-history":[{"count":2,"href":"https:\/\/culturaclasica.net\/ludi_saguntini\/wp-json\/wp\/v2\/pages\/1361\/revisions"}],"predecessor-version":[{"id":1613,"href":"https:\/\/culturaclasica.net\/ludi_saguntini\/wp-json\/wp\/v2\/pages\/1361\/revisions\/1613"}],"wp:attachment":[{"href":"https:\/\/culturaclasica.net\/ludi_saguntini\/wp-json\/wp\/v2\/media?parent=1361"}],"curies":[{"name":"wp","href":"https:\/\/api.w.org\/{rel}","templated":true}]}}