{"id":1340,"date":"2017-11-18T11:20:27","date_gmt":"2017-11-18T10:20:27","guid":{"rendered":"https:\/\/culturaclasica.net\/ludi_saguntini\/?page_id=1340"},"modified":"2025-01-19T11:58:16","modified_gmt":"2025-01-19T10:58:16","slug":"condiciones-inscripcion","status":"publish","type":"page","link":"https:\/\/culturaclasica.net\/ludi_saguntini\/en\/condiciones-inscripcion\/","title":{"rendered":"Terms"},"content":{"rendered":"<p class=\"qtranxs-available-languages-message qtranxs-available-languages-message-en\">Sorry, this entry is only available in <a href=\"https:\/\/culturaclasica.net\/ludi_saguntini\/es\/wp-json\/wp\/v2\/pages\/1340\" class=\"qtranxs-available-language-link qtranxs-available-language-link-es\" title=\"Espa\u00f1ol\">European Spanish<\/a>. For the sake of viewer convenience, the content is shown below in the alternative language. You may click the link to switch the active language.<\/p><p><div class=\"fusion-fullwidth fullwidth-box nonhundred-percent-fullwidth non-hundred-percent-height-scrolling\"  style='background-color: rgba(255,255,255,0);background-position: center center;background-repeat: no-repeat;padding-top:0px;padding-right:0px;padding-bottom:0px;padding-left:0px;'><div class=\"fusion-builder-row fusion-row \"><div  class=\"fusion-layout-column fusion_builder_column fusion_builder_column_1_1  fusion-one-full fusion-column-first fusion-column-last 1_1\"  style='margin-top:0px;margin-bottom:0px;'>\n\t\t\t\t\t<div class=\"fusion-column-wrapper\" style=\"background-position:left top;background-repeat:no-repeat;-webkit-background-size:cover;-moz-background-size:cover;-o-background-size:cover;background-size:cover;\"  data-bg-url=\"\">\n\t\t\t\t\t\t<div class=\"fusion-title title sep-underline sep-solid fusion-title-size-one\" style=\"border-bottom-color:#e0dede;margin-top:0px;margin-bottom:30px;\"><h1 class=\"title-heading-left\">Condiciones inscripci\u00f3n<\/h1><\/div><div class=\"fusion-text\"><p><span style=\"font-weight: 400;\">El hecho de que el n\u00famero de centros y alumnos participantes en los talleres sea muy numeroso nos obliga a la siguiente organizaci\u00f3n:<\/span><\/p>\n<ul>\n<li style=\"font-weight: 400;\" aria-level=\"1\"><span style=\"font-weight: 400;\">Es necesario respetar el n\u00famero m\u00e1ximo de alumnos por taller. El n\u00famero m\u00e1ximo de plazas no es arbitrario, sino que viene condicionado por los espacios.<\/span><\/li>\n<li style=\"font-weight: 400;\" aria-level=\"1\"><span style=\"font-weight: 400;\">La inscripci\u00f3n se hace exclusivamente por medio de esta web, seg\u00fan turno de llegada del formulario.<\/span><\/li>\n<li style=\"font-weight: 400;\" aria-level=\"1\"><span style=\"font-weight: 400;\">Cada dos d\u00edas se actualiza el cuadro de inscripciones con el objeto de que todos puedan ver su hora, turno y n\u00famero de alumnado inscrito.<\/span><\/li>\n<li style=\"font-weight: 400;\" aria-level=\"1\"><span style=\"font-weight: 400;\">Se piden los datos del profesor responsable (nombre, tel\u00e9fono, e-mail) para aclarar posibles dudas en la inscripci\u00f3n.<\/span><\/li>\n<li style=\"font-weight: 400;\" aria-level=\"1\"><span style=\"font-weight: 400;\">Es IMPRESCINDIBLE que los profesores acompa\u00f1en a sus alumnos y est\u00e9n con ellos en los talleres para facilitar la realizaci\u00f3n de los mismos. No podr\u00e1n participar en los talleres grupos de alumnos que no vayan acompa\u00f1ados de un profesor que es el responsable del grupo durante la actividad. Esto es especialmente importante con los grupos de Primaria e Infantil, en el que se espera la participaci\u00f3n directa en las actividades.<\/span><\/li>\n<li style=\"font-weight: 400;\" aria-level=\"1\"><span style=\"font-weight: 400;\">Es fundamental ser puntuales en todos los talleres, pues para comenzar la actividad han de estar presentes todos los alumnos inscritos. En caso de empezar m\u00e1s tarde, se reducir\u00e1 la duraci\u00f3n del taller, ya que el turno siguiente ha de empezar con puntualidad.<\/span><\/li>\n<li style=\"font-weight: 400;\" aria-level=\"1\"><span style=\"font-weight: 400;\">Hasta el 23 de febrero solamente se puede reservar un taller por alumno\/a. A partir del 24 de febrero se podr\u00e1 pedir una segunda plaza entre las que queden libres.<\/span><\/li>\n<li style=\"font-weight: 400;\" aria-level=\"1\"><span style=\"font-weight: 400;\">En caso de renunciar al taller asignado, os rogamos que lo comuniqu\u00e9is a la mayor brevedad para poder reasignar las plazas.<\/span><\/li>\n<\/ul>\n<p><span style=\"font-weight: 400;\">Recordamos que durante toda la semana en la Plaza de Cronista el \u201cFORO CL\u00c1SICO\u201d ofrece actividades ininterrumpidamente, sin necesidad de inscripci\u00f3n, cuya tem\u00e1tica puedes consultar en el apartado de los <\/span><a href=\"https:\/\/culturaclasica.net\/ludi_saguntini\/spatia\/\"><i><span style=\"font-weight: 400;\">SPATIA<\/span><\/i><\/a><i><span style=\"font-weight: 400;\">.<\/span><\/i><\/p>\n<p><span style=\"font-weight: 400;\">Por otra parte, tememos no poder respetar todas las solicitudes en cuanto al taller demandado y asignaremos un taller distinto en los casos que sea posible. Os comunicaremos los talleres asignados mediante correo electr\u00f3nico. Para cualquier consulta o cambio, estamos a vuestra disposici\u00f3n en el correo\u00a0 ludisaguntini@gmail.com .<\/span><\/p>\n<p><span style=\"font-weight: 400;\">Ya que la mayor\u00eda de los talleres necesitan material fungible para su realizaci\u00f3n, se ha visto la necesidad de que, a modo de colaboraci\u00f3n, los centros hagan un ingreso de 2\u20ac por alumno y taller por su participaci\u00f3n. En caso de dificultades para el ingreso, ponte en contacto con nosotros en el correo ludisaguntini@gmail.com.\u00a0<\/span><\/p>\n<p><span style=\"font-weight: 400;\">En el caso especial del teatro de Olimposchola, dirigido al alumnado de primaria, no es necesario el donativo.<\/span><\/p>\n<p><span style=\"font-weight: 400;\">Los donativos han de ingresarse obligatoriamente en la cuenta bancaria, no se aceptar\u00e1n pagos en mano.<\/span><\/p>\n<p><span style=\"font-weight: 400;\">La cuenta donde ha de realizarse el ingreso es la siguiente:<\/span><\/p>\n<p style=\"text-align: center;\"><span style=\"font-weight: 400;\">LUDERE ET DISCERE<\/span><\/p>\n<p style=\"text-align: center;\"><span style=\"font-weight: 400;\">IBAN: ES 71 2100 7722 8313 0017 3007<\/span><\/p>\n<p><span style=\"font-weight: 400;\">En el caso del Museo de Escena el pago se har\u00e1 en el momento del acceso al taller y a la persona responsable que realiza la actividad. Al reservar Teatr\u00f3polis (Museo de la Escena, hay que indicar en las observaciones el taller elegido seg\u00fan la edad del alumnado. Los detalles de los distintos talleres de Teatr\u00f3polis se pueden encontrar <\/span><a href=\"https:\/\/culturaclasica.net\/ludi_saguntini\/museo-de-la-escena-grecolatina-teatropolis\/\"><span style=\"font-weight: 400;\">aqu\u00ed<\/span><\/a><span style=\"font-weight: 400;\">.<\/span><\/p>\n<p><span style=\"font-weight: 400;\">El alumnado de los municipios afectados por la DANA de la zona Cero (Alaqu\u00e0s, Albal, Aldaia, Alfafar, Algemes\u00ed, Benet\u00fasser, Beniparrell, Catarroja, Chiva, Llocnou, Massanassa, Paiporta, Picanya, Sedav\u00ed, Utiel, La Torre) tienen la posibilidad de asistir a los talleres did\u00e1cticos sin tener que pagar inscripci\u00f3n, aunque es imprescindible realizar la reserva y esperar a que se les confirme.<\/span><\/p>\n<p><span style=\"font-weight: 400;\">En algunos talleres hay un cuaderno did\u00e1ctico del taller para el centro participante con el objeto de que ya en sus clases el profesor pueda profundizar en la actividad. Este cuaderno se puede descargar de esta misma p\u00e1gina.<\/span><\/p>\n<p><span style=\"font-weight: 400;\">Algunos talleres han cambiado la ubicaci\u00f3n, por lo que es necesario consultar el mapa de situaci\u00f3n antes de venir.<\/span><\/p>\n<\/div><div class=\"fusion-clearfix\"><\/div>\n\n\t\t\t\t\t<\/div>\n\t\t\t\t<\/div><\/div><\/div><\/p>","protected":false},"excerpt":{"rendered":"","protected":false},"author":1,"featured_media":0,"parent":0,"menu_order":0,"comment_status":"closed","ping_status":"closed","template":"","meta":{"footnotes":""},"_links":{"self":[{"href":"https:\/\/culturaclasica.net\/ludi_saguntini\/en\/wp-json\/wp\/v2\/pages\/1340"}],"collection":[{"href":"https:\/\/culturaclasica.net\/ludi_saguntini\/en\/wp-json\/wp\/v2\/pages"}],"about":[{"href":"https:\/\/culturaclasica.net\/ludi_saguntini\/en\/wp-json\/wp\/v2\/types\/page"}],"author":[{"embeddable":true,"href":"https:\/\/culturaclasica.net\/ludi_saguntini\/en\/wp-json\/wp\/v2\/users\/1"}],"replies":[{"embeddable":true,"href":"https:\/\/culturaclasica.net\/ludi_saguntini\/en\/wp-json\/wp\/v2\/comments?post=1340"}],"version-history":[{"count":8,"href":"https:\/\/culturaclasica.net\/ludi_saguntini\/en\/wp-json\/wp\/v2\/pages\/1340\/revisions"}],"predecessor-version":[{"id":2302,"href":"https:\/\/culturaclasica.net\/ludi_saguntini\/en\/wp-json\/wp\/v2\/pages\/1340\/revisions\/2302"}],"wp:attachment":[{"href":"https:\/\/culturaclasica.net\/ludi_saguntini\/en\/wp-json\/wp\/v2\/media?parent=1340"}],"curies":[{"name":"wp","href":"https:\/\/api.w.org\/{rel}","templated":true}]}}

<p class="qtranxs-available-languages-message qtranxs-available-languages-message-en">Sorry, this entry is only available in <a href="https://culturaclasica.net/ludi_saguntini/es/wp-json/wp/v2/pages/1340" class="qtranxs-available-language-link qtranxs-available-language-link-es" title="Español">European Spanish</a>. For the sake of viewer convenience, the content is shown below in the alternative language. You may click the link to switch the active language.</p><p><div class="fusion-fullwidth fullwidth-box nonhundred-percent-fullwidth non-hundred-percent-height-scrolling"  style='background-color: rgba(255,255,255,0);background-position: center center;background-repeat: no-repeat;padding-top:0px;padding-right:0px;padding-bottom:0px;padding-left:0px;'><div class="fusion-builder-row fusion-row "><div  class="fusion-layout-column fusion_builder_column fusion_builder_column_1_1  fusion-one-full fusion-column-first fusion-column-last 1_1"  style='margin-top:0px;margin-bottom:0px;'>
					<div class="fusion-column-wrapper" style="background-position:left top;background-repeat:no-repeat;-webkit-background-size:cover;-moz-background-size:cover;-o-background-size:cover;background-size:cover;"  data-bg-url="">
						<div class="fusion-title title sep-underline sep-solid fusion-title-size-one" style="border-bottom-color:#e0dede;margin-top:0px;margin-bottom:30px;"><h1 class="title-heading-left">Condiciones inscripción</h1></div><div class="fusion-text"><p><span style="font-weight: 400;">El hecho de que el número de centros y alumnos participantes en los talleres sea muy numeroso nos obliga a la siguiente organización:</span></p>
<ul>
<li style="font-weight: 400;" aria-level="1"><span style="font-weight: 400;">Es necesario respetar el número máximo de alumnos por taller. El número máximo de plazas no es arbitrario, sino que viene condicionado por los espacios.</span></li>
<li style="font-weight: 400;" aria-level="1"><span style="font-weight: 400;">La inscripción se hace exclusivamente por medio de esta web, según turno de llegada del formulario.</span></li>
<li style="font-weight: 400;" aria-level="1"><span style="font-weight: 400;">Cada dos días se actualiza el cuadro de inscripciones con el objeto de que todos puedan ver su hora, turno y número de alumnado inscrito.</span></li>
<li style="font-weight: 400;" aria-level="1"><span style="font-weight: 400;">Se piden los datos del profesor responsable (nombre, teléfono, e-mail) para aclarar posibles dudas en la inscripción.</span></li>
<li style="font-weight: 400;" aria-level="1"><span style="font-weight: 400;">Es IMPRESCINDIBLE que los profesores acompañen a sus alumnos y estén con ellos en los talleres para facilitar la realización de los mismos. No podrán participar en los talleres grupos de alumnos que no vayan acompañados de un profesor que es el responsable del grupo durante la actividad. Esto es especialmente importante con los grupos de Primaria e Infantil, en el que se espera la participación directa en las actividades.</span></li>
<li style="font-weight: 400;" aria-level="1"><span style="font-weight: 400;">Es fundamental ser puntuales en todos los talleres, pues para comenzar la actividad han de estar presentes todos los alumnos inscritos. En caso de empezar más tarde, se reducirá la duración del taller, ya que el turno siguiente ha de empezar con puntualidad.</span></li>
<li style="font-weight: 400;" aria-level="1"><span style="font-weight: 400;">Hasta el 23 de febrero solamente se puede reservar un taller por alumno/a. A partir del 24 de febrero se podrá pedir una segunda plaza entre las que queden libres.</span></li>
<li style="font-weight: 400;" aria-level="1"><span style="font-weight: 400;">En caso de renunciar al taller asignado, os rogamos que lo comuniquéis a la mayor brevedad para poder reasignar las plazas.</span></li>
</ul>
<p><span style="font-weight: 400;">Recordamos que durante toda la semana en la Plaza de Cronista el “FORO CLÁSICO” ofrece actividades ininterrumpidamente, sin necesidad de inscripción, cuya temática puedes consultar en el apartado de los </span><a href="https://culturaclasica.net/ludi_saguntini/spatia/"><i><span style="font-weight: 400;">SPATIA</span></i></a><i><span style="font-weight: 400;">.</span></i></p>
<p><span style="font-weight: 400;">Por otra parte, tememos no poder respetar todas las solicitudes en cuanto al taller demandado y asignaremos un taller distinto en los casos que sea posible. Os comunicaremos los talleres asignados mediante correo electrónico. Para cualquier consulta o cambio, estamos a vuestra disposición en el correo  ludisaguntini@gmail.com .</span></p>
<p><span style="font-weight: 400;">Ya que la mayoría de los talleres necesitan material fungible para su realización, se ha visto la necesidad de que, a modo de colaboración, los centros hagan un ingreso de 2€ por alumno y taller por su participación. En caso de dificultades para el ingreso, ponte en contacto con nosotros en el correo ludisaguntini@gmail.com. </span></p>
<p><span style="font-weight: 400;">En el caso especial del teatro de Olimposchola, dirigido al alumnado de primaria, no es necesario el donativo.</span></p>
<p><span style="font-weight: 400;">Los donativos han de ingresarse obligatoriamente en la cuenta bancaria, no se aceptarán pagos en mano.</span></p>
<p><span style="font-weight: 400;">La cuenta donde ha de realizarse el ingreso es la siguiente:</span></p>
<p style="text-align: center;"><span style="font-weight: 400;">LUDERE ET DISCERE</span></p>
<p style="text-align: center;"><span style="font-weight: 400;">IBAN: ES 71 2100 7722 8313 0017 3007</span></p>
<p><span style="font-weight: 400;">En el caso del Museo de Escena el pago se hará en el momento del acceso al taller y a la persona responsable que realiza la actividad. Al reservar Teatrópolis (Museo de la Escena, hay que indicar en las observaciones el taller elegido según la edad del alumnado. Los detalles de los distintos talleres de Teatrópolis se pueden encontrar </span><a href="https://culturaclasica.net/ludi_saguntini/museo-de-la-escena-grecolatina-teatropolis/"><span style="font-weight: 400;">aquí</span></a><span style="font-weight: 400;">.</span></p>
<p><span style="font-weight: 400;">El alumnado de los municipios afectados por la DANA de la zona Cero (Alaquàs, Albal, Aldaia, Alfafar, Algemesí, Benetússer, Beniparrell, Catarroja, Chiva, Llocnou, Massanassa, Paiporta, Picanya, Sedaví, Utiel, La Torre) tienen la posibilidad de asistir a los talleres didácticos sin tener que pagar inscripción, aunque es imprescindible realizar la reserva y esperar a que se les confirme.</span></p>
<p><span style="font-weight: 400;">En algunos talleres hay un cuaderno didáctico del taller para el centro participante con el objeto de que ya en sus clases el profesor pueda profundizar en la actividad. Este cuaderno se puede descargar de esta misma página.</span></p>
<p><span style="font-weight: 400;">Algunos talleres han cambiado la ubicación, por lo que es necesario consultar el mapa de situación antes de venir.</span></p>
</div><div class="fusion-clearfix"></div>

					</div>
				</div></div></div></p>
