{"id":2361,"date":"2025-03-29T14:30:05","date_gmt":"2025-03-29T13:30:05","guid":{"rendered":"https:\/\/culturaclasica.net\/ludi_saguntini\/?page_id=2361"},"modified":"2025-03-29T14:34:17","modified_gmt":"2025-03-29T13:34:17","slug":"ruta-del-forum","status":"publish","type":"page","link":"https:\/\/culturaclasica.net\/ludi_saguntini\/ca\/ruta-del-forum\/","title":{"rendered":"Ruta del f\u00f2rum"},"content":{"rendered":"<p><\/p>\n<h2 style=\"text-align: center;\">RUTA DEL F\u00d2RUM<\/h2>\n<p>\u201cLa Ruta del Forum\u201d te\u0301 com a objectius principals afavorir la participacio\u0301 de l\u2019alumnat als Spatia (tallers lliures de cultura grecoromana de 15 minuts de durada) de forma aut\u00f2noma i tambe\u0301 permetre una avaluacio\u0301 per la vostra part de la seua participacio\u0301.<\/p>\n<p>Com anem a fer-ho? La din\u00e0mica e\u0301s molt senzilla, cada alumne anir\u00e0 als Ludi amb la seg\u00fcent fitxa de participaci\u00f3\u0301. Aquesta la podreu imprimir als vostres centres i entregar-los-la abans d\u2019arribar alli\u0301.<\/p>\n<p style=\"text-align: center;\"><a href=\"https:\/\/culturaclasica.net\/ludi_saguntini\/ruta-del-forum\/fitxa-ruta-del-forum\/\" rel=\"attachment wp-att-2364\">DESCARREGA LA FITXA<\/a><\/p>\n<p>En ella l\u2019alumnat hauran de segellar, com a m\u00ednim, la seua participaci\u00f3\u0301 en 3 dels 13 Spatia que hi ha repartits a la pla\u00e7a Cronista Chabret (el forum). Com aconseguiran els segells? Realitzant els tallers i les activitats corresponents (duraci\u00f3\u0301 aproximada 15 minuts cadascun).<\/p>\n<p><a href=\"https:\/\/culturaclasica.net\/ludi_saguntini\/ruta-del-forum\/whatsapp-image-2025-03-29-at-11-51-45-1\/\" rel=\"attachment wp-att-2362\"><img loading=\"lazy\" decoding=\"async\" class=\"aligncenter size-medium wp-image-2362\" src=\"https:\/\/culturaclasica.net\/ludi_saguntini\/wp-content\/uploads\/2025\/03\/WhatsApp-Image-2025-03-29-at-11.51.45-1-300x169.jpeg\" alt=\"\" width=\"300\" height=\"169\" srcset=\"https:\/\/culturaclasica.net\/ludi_saguntini\/wp-content\/uploads\/2025\/03\/WhatsApp-Image-2025-03-29-at-11.51.45-1-200x112.jpeg 200w, https:\/\/culturaclasica.net\/ludi_saguntini\/wp-content\/uploads\/2025\/03\/WhatsApp-Image-2025-03-29-at-11.51.45-1-300x169.jpeg 300w, https:\/\/culturaclasica.net\/ludi_saguntini\/wp-content\/uploads\/2025\/03\/WhatsApp-Image-2025-03-29-at-11.51.45-1-400x225.jpeg 400w, https:\/\/culturaclasica.net\/ludi_saguntini\/wp-content\/uploads\/2025\/03\/WhatsApp-Image-2025-03-29-at-11.51.45-1-600x337.jpeg 600w, https:\/\/culturaclasica.net\/ludi_saguntini\/wp-content\/uploads\/2025\/03\/WhatsApp-Image-2025-03-29-at-11.51.45-1-768x432.jpeg 768w, https:\/\/culturaclasica.net\/ludi_saguntini\/wp-content\/uploads\/2025\/03\/WhatsApp-Image-2025-03-29-at-11.51.45-1-800x450.jpeg 800w, https:\/\/culturaclasica.net\/ludi_saguntini\/wp-content\/uploads\/2025\/03\/WhatsApp-Image-2025-03-29-at-11.51.45-1-1024x576.jpeg 1024w, https:\/\/culturaclasica.net\/ludi_saguntini\/wp-content\/uploads\/2025\/03\/WhatsApp-Image-2025-03-29-at-11.51.45-1-1200x675.jpeg 1200w, https:\/\/culturaclasica.net\/ludi_saguntini\/wp-content\/uploads\/2025\/03\/WhatsApp-Image-2025-03-29-at-11.51.45-1-1536x864.jpeg 1536w, https:\/\/culturaclasica.net\/ludi_saguntini\/wp-content\/uploads\/2025\/03\/WhatsApp-Image-2025-03-29-at-11.51.45-1.jpeg 1599w\" sizes=\"(max-width: 300px) 100vw, 300px\" \/><\/a><\/p>\n<p>Una vegada tinguen els 3 segells, hauran d\u2019emplenar les seues dades i les del centre per la part de darrere, mostrar la fitxa al professorat perqu\u00e8 ell controle si han participat o no a les activitats i despr\u00e9s introduir la seua fitxa en l\u2019urna tancada que trobaran a la tauleta d\u2019informaci\u00f3\u0301 de la plac\u0327a.<\/p>\n<p><a href=\"https:\/\/culturaclasica.net\/ludi_saguntini\/ruta-del-forum\/whatsapp-image-2025-03-29-at-11-51-45\/\" rel=\"attachment wp-att-2363\"><img loading=\"lazy\" decoding=\"async\" class=\"aligncenter size-medium wp-image-2363\" src=\"https:\/\/culturaclasica.net\/ludi_saguntini\/wp-content\/uploads\/2025\/03\/WhatsApp-Image-2025-03-29-at-11.51.45-300x169.jpeg\" alt=\"\" width=\"300\" height=\"169\" srcset=\"https:\/\/culturaclasica.net\/ludi_saguntini\/wp-content\/uploads\/2025\/03\/WhatsApp-Image-2025-03-29-at-11.51.45-200x112.jpeg 200w, https:\/\/culturaclasica.net\/ludi_saguntini\/wp-content\/uploads\/2025\/03\/WhatsApp-Image-2025-03-29-at-11.51.45-300x169.jpeg 300w, https:\/\/culturaclasica.net\/ludi_saguntini\/wp-content\/uploads\/2025\/03\/WhatsApp-Image-2025-03-29-at-11.51.45-400x225.jpeg 400w, https:\/\/culturaclasica.net\/ludi_saguntini\/wp-content\/uploads\/2025\/03\/WhatsApp-Image-2025-03-29-at-11.51.45-600x337.jpeg 600w, https:\/\/culturaclasica.net\/ludi_saguntini\/wp-content\/uploads\/2025\/03\/WhatsApp-Image-2025-03-29-at-11.51.45-768x432.jpeg 768w, https:\/\/culturaclasica.net\/ludi_saguntini\/wp-content\/uploads\/2025\/03\/WhatsApp-Image-2025-03-29-at-11.51.45-800x450.jpeg 800w, https:\/\/culturaclasica.net\/ludi_saguntini\/wp-content\/uploads\/2025\/03\/WhatsApp-Image-2025-03-29-at-11.51.45-1024x576.jpeg 1024w, https:\/\/culturaclasica.net\/ludi_saguntini\/wp-content\/uploads\/2025\/03\/WhatsApp-Image-2025-03-29-at-11.51.45-1200x675.jpeg 1200w, https:\/\/culturaclasica.net\/ludi_saguntini\/wp-content\/uploads\/2025\/03\/WhatsApp-Image-2025-03-29-at-11.51.45-1536x864.jpeg 1536w, https:\/\/culturaclasica.net\/ludi_saguntini\/wp-content\/uploads\/2025\/03\/WhatsApp-Image-2025-03-29-at-11.51.45.jpeg 1599w\" sizes=\"(max-width: 300px) 100vw, 300px\" \/><\/a><\/p>\n<p>D\u2019entre tots els participants, sortejarem un lot de\u00a0<em>merchandising<\/em>\u00a0dels LVDI SAGVNTINI!!! Aquest estar\u00e0\u0300 format per una samarreta, una\u00a0<em>tottebag<\/em>\u00a0i una xapa amb els logotips de l\u2019associaci\u00f3\u0301. El\/la guanyador\/a sera\u0300 anunciat\/ada al web de Culturaclasica.net i a les nostres xarxes socials el dia 2 de maig.<\/p>\n<p>A m\u00e9s a m\u00e9s, al web de Culturaclasica.net podreu trobar un kahoot de cada Spatium que han elaborat els nostres voluntaris perqu\u00e8 pugueu posar a prova l\u2019aprenentatge del vostre alumnat despr\u00e9s dels Ludi.<\/p>\n<p>Si teniu cap pregunta, no dubteu a fer-nos-la arribar. Estem a la vostra disposici\u00f3\u0301.<\/p>\n<p style=\"text-align: center;\">Coordinaci\u00f3\u0301 dels Spatia<\/p>\n<p>&nbsp;<\/p>\n<p>&nbsp;<\/p>","protected":false},"excerpt":{"rendered":"<p>RUTA DEL F\u00d2RUM \u201cLa Ruta del Forum\u201d te\u0301 com a objectius principals afavorir la participacio\u0301 de l\u2019alumnat als Spatia (tallers lliures de [&hellip;]<\/p>\n","protected":false},"author":4,"featured_media":0,"parent":0,"menu_order":0,"comment_status":"closed","ping_status":"closed","template":"","meta":{"footnotes":""},"_links":{"self":[{"href":"https:\/\/culturaclasica.net\/ludi_saguntini\/ca\/wp-json\/wp\/v2\/pages\/2361"}],"collection":[{"href":"https:\/\/culturaclasica.net\/ludi_saguntini\/ca\/wp-json\/wp\/v2\/pages"}],"about":[{"href":"https:\/\/culturaclasica.net\/ludi_saguntini\/ca\/wp-json\/wp\/v2\/types\/page"}],"author":[{"embeddable":true,"href":"https:\/\/culturaclasica.net\/ludi_saguntini\/ca\/wp-json\/wp\/v2\/users\/4"}],"replies":[{"embeddable":true,"href":"https:\/\/culturaclasica.net\/ludi_saguntini\/ca\/wp-json\/wp\/v2\/comments?post=2361"}],"version-history":[{"count":5,"href":"https:\/\/culturaclasica.net\/ludi_saguntini\/ca\/wp-json\/wp\/v2\/pages\/2361\/revisions"}],"predecessor-version":[{"id":2370,"href":"https:\/\/culturaclasica.net\/ludi_saguntini\/ca\/wp-json\/wp\/v2\/pages\/2361\/revisions\/2370"}],"wp:attachment":[{"href":"https:\/\/culturaclasica.net\/ludi_saguntini\/ca\/wp-json\/wp\/v2\/media?parent=2361"}],"curies":[{"name":"wp","href":"https:\/\/api.w.org\/{rel}","templated":true}]}}

Ruta del fòrum

<p></p>
<h2 style="text-align: center;">RUTA DEL FÒRUM</h2>
<p>“La Ruta del Forum” té com a objectius principals afavorir la participació de l’alumnat als Spatia (tallers lliures de cultura grecoromana de 15 minuts de durada) de forma autònoma i també permetre una avaluació per la vostra part de la seua participació.</p>
<p>Com anem a fer-ho? La dinàmica és molt senzilla, cada alumne anirà als Ludi amb la següent fitxa de participació́. Aquesta la podreu imprimir als vostres centres i entregar-los-la abans d’arribar allí.</p>
<p style="text-align: center;"><a href="https://culturaclasica.net/ludi_saguntini/ruta-del-forum/fitxa-ruta-del-forum/" rel="attachment wp-att-2364">DESCARREGA LA FITXA</a></p>
<p>En ella l’alumnat hauran de segellar, com a mínim, la seua participació́ en 3 dels 13 Spatia que hi ha repartits a la plaça Cronista Chabret (el forum). Com aconseguiran els segells? Realitzant els tallers i les activitats corresponents (duració́ aproximada 15 minuts cadascun).</p>
<p><a href="https://culturaclasica.net/ludi_saguntini/ruta-del-forum/whatsapp-image-2025-03-29-at-11-51-45-1/" rel="attachment wp-att-2362"><img loading="lazy" decoding="async" class="aligncenter size-medium wp-image-2362" src="https://culturaclasica.net/ludi_saguntini/wp-content/uploads/2025/03/WhatsApp-Image-2025-03-29-at-11.51.45-1-300x169.jpeg" alt="" width="300" height="169" srcset="https://culturaclasica.net/ludi_saguntini/wp-content/uploads/2025/03/WhatsApp-Image-2025-03-29-at-11.51.45-1-200x112.jpeg 200w, https://culturaclasica.net/ludi_saguntini/wp-content/uploads/2025/03/WhatsApp-Image-2025-03-29-at-11.51.45-1-300x169.jpeg 300w, https://culturaclasica.net/ludi_saguntini/wp-content/uploads/2025/03/WhatsApp-Image-2025-03-29-at-11.51.45-1-400x225.jpeg 400w, https://culturaclasica.net/ludi_saguntini/wp-content/uploads/2025/03/WhatsApp-Image-2025-03-29-at-11.51.45-1-600x337.jpeg 600w, https://culturaclasica.net/ludi_saguntini/wp-content/uploads/2025/03/WhatsApp-Image-2025-03-29-at-11.51.45-1-768x432.jpeg 768w, https://culturaclasica.net/ludi_saguntini/wp-content/uploads/2025/03/WhatsApp-Image-2025-03-29-at-11.51.45-1-800x450.jpeg 800w, https://culturaclasica.net/ludi_saguntini/wp-content/uploads/2025/03/WhatsApp-Image-2025-03-29-at-11.51.45-1-1024x576.jpeg 1024w, https://culturaclasica.net/ludi_saguntini/wp-content/uploads/2025/03/WhatsApp-Image-2025-03-29-at-11.51.45-1-1200x675.jpeg 1200w, https://culturaclasica.net/ludi_saguntini/wp-content/uploads/2025/03/WhatsApp-Image-2025-03-29-at-11.51.45-1-1536x864.jpeg 1536w, https://culturaclasica.net/ludi_saguntini/wp-content/uploads/2025/03/WhatsApp-Image-2025-03-29-at-11.51.45-1.jpeg 1599w" sizes="(max-width: 300px) 100vw, 300px" /></a></p>
<p>Una vegada tinguen els 3 segells, hauran d’emplenar les seues dades i les del centre per la part de darrere, mostrar la fitxa al professorat perquè ell controle si han participat o no a les activitats i després introduir la seua fitxa en l’urna tancada que trobaran a la tauleta d’informació́ de la plaça.</p>
<p><a href="https://culturaclasica.net/ludi_saguntini/ruta-del-forum/whatsapp-image-2025-03-29-at-11-51-45/" rel="attachment wp-att-2363"><img loading="lazy" decoding="async" class="aligncenter size-medium wp-image-2363" src="https://culturaclasica.net/ludi_saguntini/wp-content/uploads/2025/03/WhatsApp-Image-2025-03-29-at-11.51.45-300x169.jpeg" alt="" width="300" height="169" srcset="https://culturaclasica.net/ludi_saguntini/wp-content/uploads/2025/03/WhatsApp-Image-2025-03-29-at-11.51.45-200x112.jpeg 200w, https://culturaclasica.net/ludi_saguntini/wp-content/uploads/2025/03/WhatsApp-Image-2025-03-29-at-11.51.45-300x169.jpeg 300w, https://culturaclasica.net/ludi_saguntini/wp-content/uploads/2025/03/WhatsApp-Image-2025-03-29-at-11.51.45-400x225.jpeg 400w, https://culturaclasica.net/ludi_saguntini/wp-content/uploads/2025/03/WhatsApp-Image-2025-03-29-at-11.51.45-600x337.jpeg 600w, https://culturaclasica.net/ludi_saguntini/wp-content/uploads/2025/03/WhatsApp-Image-2025-03-29-at-11.51.45-768x432.jpeg 768w, https://culturaclasica.net/ludi_saguntini/wp-content/uploads/2025/03/WhatsApp-Image-2025-03-29-at-11.51.45-800x450.jpeg 800w, https://culturaclasica.net/ludi_saguntini/wp-content/uploads/2025/03/WhatsApp-Image-2025-03-29-at-11.51.45-1024x576.jpeg 1024w, https://culturaclasica.net/ludi_saguntini/wp-content/uploads/2025/03/WhatsApp-Image-2025-03-29-at-11.51.45-1200x675.jpeg 1200w, https://culturaclasica.net/ludi_saguntini/wp-content/uploads/2025/03/WhatsApp-Image-2025-03-29-at-11.51.45-1536x864.jpeg 1536w, https://culturaclasica.net/ludi_saguntini/wp-content/uploads/2025/03/WhatsApp-Image-2025-03-29-at-11.51.45.jpeg 1599w" sizes="(max-width: 300px) 100vw, 300px" /></a></p>
<p>D’entre tots els participants, sortejarem un lot de <em>merchandising</em> dels LVDI SAGVNTINI!!! Aquest estarà̀ format per una samarreta, una <em>tottebag</em> i una xapa amb els logotips de l’associació́. El/la guanyador/a serà anunciat/ada al web de Culturaclasica.net i a les nostres xarxes socials el dia 2 de maig.</p>
<p>A més a més, al web de Culturaclasica.net podreu trobar un kahoot de cada Spatium que han elaborat els nostres voluntaris perquè pugueu posar a prova l’aprenentatge del vostre alumnat després dels Ludi.</p>
<p>Si teniu cap pregunta, no dubteu a fer-nos-la arribar. Estem a la vostra disposició́.</p>
<p style="text-align: center;">Coordinació́ dels Spatia</p>
<p>&nbsp;</p>
<p>&nbsp;</p>

<p>RUTA DEL FÒRUM “La Ruta del Forum” té com a objectius principals afavorir la participació de l’alumnat als Spatia (tallers lliures de [&hellip;]</p>
